{"id":12,"date":"2017-01-02T19:16:33","date_gmt":"2017-01-02T18:16:33","guid":{"rendered":"https:\/\/gla.mbm-msp.de\/?page_id=12"},"modified":"2022-03-09T12:47:52","modified_gmt":"2022-03-09T11:47:52","slug":"ueber-uns","status":"publish","type":"page","link":"https:\/\/gla.mbm-msp.de\/?page_id=12","title":{"rendered":"\u00dcber uns"},"content":{"rendered":"<p><b>\u00dcber uns<\/b><\/p>\n<p>Die GLA Gefahrgutberatung GmbH wurde im Jahre 2005 als Personenunternehmen gegr\u00fcndet und ist seit 2014 eine Gesellschaft mit beschr\u00e4nkter Haftung.<\/p>\n<p>Die Gesch\u00e4ftsf\u00fchrerin, Frau Angelika Bohl, ist gelernte Speditionskauffrau, hat das Studium zur Verkehrsfachwirtin 1997 erfolgreich abgeschlossen und arbeitete von 1983 bis zu ihrer Freiberuflichkeit ausnahmslos im Speditionsgesch\u00e4ft, davon 2 Jahre als Disponentin f\u00fcr Gefahrg\u00fcter bei der Degussa AG in Wesseling und 18 Jahre in den Bereichen Export \/ Import \/ Transit \/ Gefahrgut inklusive Personalf\u00fchrung und Ausbildungsleitung bei einem der gr\u00f6\u00dften KEP-Dienstleister der Welt, der TNT Express GmbH, an verschiedenen Orten in Deutschland, unter anderem am Flughafen K\u00f6ln-Bonn. Am Flughafen Frankfurt hat sie f\u00fcr eine Luftfrachtspedition diverse Abfertigungsaufgaben und Beladungsvorg\u00e4nge von Flugzeugen \u00fcbernommen und \u00fcberwacht.<\/p>\n<p>Im Jahre 2002 begann sie, nach ihrem internen Wechsel zur TNT Akademie GmbH, sich f\u00fcr Schulungen im Gefahrgutbereich zu qualifizieren und erwarb eine Trainings- und Schulungslizenz des Luftfahrt-Bundesamtes, um Gefahrgutschulungen f\u00fcr alle an der Luftfracht beteiligten Personen inklusive Pr\u00fcfung durchf\u00fchren zu k\u00f6nnen.<\/p>\n<p>Ebenso erwarb sie die Berechtigung, als Gefahrgutbeauftragte f\u00fcr Stra\u00dfenfracht und Seefracht t\u00e4tig zu werden. Als Schulungsleiterin ist sie f\u00fcr die T\u00dcV Rheinland Akademie in K\u00f6ln in diesem Bereich t\u00e4tig und von der IHK K\u00f6ln, Bonn, Krefeld und Dortmund anerkannt.<\/p>\n<p>Die GLA Gefahrgutberatung GmbH arbeitet in Kooperation mit einigen renommierten Schulungsunternehmen in Deutschland, z. B. der T\u00dcV Rheinland Akademie in K\u00f6ln, dem T\u00dcV S\u00fcd und zusammen mit weiteren Anbietern von Luftfracht-Gefahrgutschulungen aller Personalkategorien, die in Deutschland verteilt t\u00e4tig sind. Ebenfalls ist in der Kooperation die Gimmler Unternehmensgruppe (www.<b>gimmler<\/b>&#8211;<b>gruppe<\/b>.com). Dort arbeiten die Spezialisten der Schnittstelle zwischen Logistik und Recht, gef\u00fchrt durch Rechtsanwalt Karl-Heinz Gimmler.<\/p>\n","protected":false},"excerpt":{"rendered":"<p>\u00dcber uns Die GLA Gefahrgutberatung GmbH wurde im Jahre 2005 als Personenunternehmen gegr\u00fcndet und ist seit 2014 eine Gesellschaft mit beschr\u00e4nkter Haftung. Die Gesch\u00e4ftsf\u00fchrerin, Frau Angelika Bohl, ist gelernte Speditionskauffrau, hat das Studium zur Verkehrsfachwirtin 1997 erfolgreich abgeschlossen und arbeitete von 1983 bis zu ihrer Freiberuflichkeit ausnahmslos im Speditionsgesch\u00e4ft, davon 2 Jahre als Disponentin f\u00fcr &hellip; <a href=\"https:\/\/gla.mbm-msp.de\/?page_id=12\" class=\"more-link\"><span class=\"screen-reader-text\">\u00dcber uns<\/span> weiterlesen <span class=\"meta-nav\">&rarr;<\/span><\/a><\/p>\n","protected":false},"author":1,"featured_media":0,"parent":0,"menu_order":0,"comment_status":"closed","ping_status":"closed","template":"","meta":{"footnotes":""},"class_list":["post-12","page","type-page","status-publish","hentry"],"_links":{"self":[{"href":"https:\/\/gla.mbm-msp.de\/index.php?rest_route=\/wp\/v2\/pages\/12"}],"collection":[{"href":"https:\/\/gla.mbm-msp.de\/index.php?rest_route=\/wp\/v2\/pages"}],"about":[{"href":"https:\/\/gla.mbm-msp.de\/index.php?rest_route=\/wp\/v2\/types\/page"}],"author":[{"embeddable":true,"href":"https:\/\/gla.mbm-msp.de\/index.php?rest_route=\/wp\/v2\/users\/1"}],"replies":[{"embeddable":true,"href":"https:\/\/gla.mbm-msp.de\/index.php?rest_route=%2Fwp%2Fv2%2Fcomments&post=12"}],"version-history":[{"count":6,"href":"https:\/\/gla.mbm-msp.de\/index.php?rest_route=\/wp\/v2\/pages\/12\/revisions"}],"predecessor-version":[{"id":216,"href":"https:\/\/gla.mbm-msp.de\/index.php?rest_route=\/wp\/v2\/pages\/12\/revisions\/216"}],"wp:attachment":[{"href":"https:\/\/gla.mbm-msp.de\/index.php?rest_route=%2Fwp%2Fv2%2Fmedia&parent=12"}],"curies":[{"name":"wp","href":"https:\/\/api.w.org\/{rel}","templated":true}]}}