{"id":14,"date":"2017-01-02T19:17:53","date_gmt":"2017-01-02T18:17:53","guid":{"rendered":"https:\/\/gla.mbm-msp.de\/?page_id=14"},"modified":"2022-03-09T12:46:32","modified_gmt":"2022-03-09T11:46:32","slug":"impressum-agb","status":"publish","type":"page","link":"https:\/\/gla.mbm-msp.de\/?page_id=14","title":{"rendered":"Impressum AGB Datenschutz"},"content":{"rendered":"<p><span style=\"color: #ff0000;\"><b>Impressum<\/b><\/span><\/p>\n<p><b>G L A Gefahrgutberatung GmbH<\/b><b> \u00a0 \u00a0 \u00a0 \u00a0 \u00a0 \u00a0 \u00a0 \u00a0 \u00a0 \u00a0 \u00a0 \u00a0 \u00a0 \u00a0 \u00a0 \u00a0 \u00a0 \u00a0 \u00a0\u00a0<\/b><\/p>\n<p><b> Reutherstr. 3<\/b><br \/>\n<strong>53773 Hennef<\/strong><\/p>\n<p><strong>Vertretungsberechtigte Gesch\u00e4ftsf\u00fchrerin: Angelika Bohl<\/strong><\/p>\n<p><strong>Tel. 02244 &#8211; 901 996<\/strong><br \/>\n<strong>Fax 02244 &#8211; 902 731<\/strong><br \/>\n<strong>Internet: www.gla.mbm-msp.de<\/strong><\/p>\n<p><strong>E-Mail: <a href=\"mailto:angelika.bohl@gla.mbm-msp.de\">angelika.bohl@gla.mbm-msp.de<\/a><\/strong><\/p>\n<p><strong>Registergericht: Amtsgericht Siegburg<br \/>\nRegisternummer: HRB 13095<\/strong><\/p>\n<p><strong>Umsatzsteuer-Identifikationsnummer gem. \u00a7 27a UStG: DE296882857<\/strong><\/p>\n<p>&nbsp;<\/p>\n<p><span style=\"color: #ff0000;\"><strong>Allgemeine Gesch\u00e4ftsbedingungen<\/strong><\/span><\/p>\n<ol>\n<li><strong> Geltungsbereich<\/strong><\/li>\n<\/ol>\n<p>(1) Diese Allgemeinen Gesch\u00e4ftsbedingungen gelten f\u00fcr die Durchf\u00fchrung von Bildungsma\u00dfnahmen wie offenen, \u00fcberbetrieblichen und berufsbegleitenden Seminaren, Lehrg\u00e4ngen und Trainings \u2013 im Weiteren als \u201eBildungsma\u00dfnahmen\u201c bezeichnet \u2013 der GLA Gefahrgutberatung GmbH \u2013 nachfolgend \u201eVeranstalter\u201c genannt.<\/p>\n<p>(2) Etwaige Allgemeine Gesch\u00e4fts- oder Einkaufsbedingungen des Vertragspartners werden auch dann nicht Vertragsinhalt, wenn ihnen der Veranstalter nicht nochmals ausdr\u00fccklich widerspricht.<\/p>\n<ol start=\"2\">\n<li><strong> Anmeldung<\/strong><\/li>\n<\/ol>\n<p>(1) Die Anmeldung ist verbindlich, sobald sie vom Veranstalter schriftlich best\u00e4tigt wird (einschlie\u00dflich einer Best\u00e4tigung auf elektronischem Wege) Hier wird auf die separate Datenschutzverordnung hingewiesen.<\/p>\n<ol start=\"3\">\n<li><strong> Zulassungsvoraussetzungen<\/strong><\/li>\n<\/ol>\n<p>(1) Soweit Zulassungsvoraussetzungen bestehen, ist der Veranstalter verpflichtet, zu \u00fcberpr\u00fcfen, ob der Teilnehmer die notwendigen Zulassungsvoraussetzungen erf\u00fcllt. Hierzu hat der Teilnehmer auf Verlangen die erforderlichen Unterlagen vorzulegen. Macht der Veranstalter von seinem Recht auf \u00dcberpr\u00fcfung der Zulassungsvoraussetzungen keinen Gebrauch, so ist der Teilnehmer auch bei Nichtvorliegen der Zulassungsvoraussetzungen zur Zahlung der Lehrgangsgeb\u00fchren verpflichtet.<\/p>\n<ol start=\"4\">\n<li><strong> Durchf\u00fchrung<\/strong><\/li>\n<\/ol>\n<p>(1) Die Schulungsma\u00dfnahme wird entsprechend dem ver\u00f6ffentlichten Programminhalt, den geltenden gesetzlichen Bestimmungen und den anerkannten Regeln der Technik durchgef\u00fchrt.<\/p>\n<p>(2) Der Veranstalter beh\u00e4lt sich den Wechsel von Referenten und\/oder eine Verlegung bzw. \u00c4nderung im Programmablauf vor, sofern diese das Veranstaltungsziel nicht grundlegend ver\u00e4ndern. Ein Anspruch auf Veranstaltungsdurchf\u00fchrung durch einen bestimmten Referenten bzw. an einem bestimmten Veranstaltungsort besteht nicht.<\/p>\n<p>(3) Inhaltliche \u00c4nderungen, durch die das Lehrgangsziel ver\u00e4ndert wird, sind zul\u00e4ssig, wenn sie mit Zustimmung oder auf Verlangen der Stellen erfolgen, die f\u00fcr die Anerkennung der angestrebten Abschl\u00fcsse zust\u00e4ndig sind.<\/p>\n<ol start=\"5\">\n<li><strong> Pflichten des Teilnehmers<\/strong><\/li>\n<\/ol>\n<p>Der Teilnehmer verpflichtet sich, die am Unterrichtsort geltende Hausordnung zu beachten, Anweisungen der Lehr- bzw. Ausbildungskr\u00e4fte sowie der Beauftragten des Veranstalters und seiner Erf\u00fcllungsgehilfen Folge zu leisten, regelm\u00e4\u00dfig an den Pr\u00e4senzveranstaltungen der vertragsgegenst\u00e4ndlichen Schulungsma\u00dfnahme teilzunehmen, sowie alles zu unterlassen, was der ordnungsgem\u00e4\u00dfen Durchf\u00fchrung der Schulungsma\u00dfnahme entgegenstehen k\u00f6nnte.<\/p>\n<ol start=\"6\">\n<li><strong> Urheberrechte<\/strong><\/li>\n<\/ol>\n<p>Die dem Teilnehmer ausgeh\u00e4ndigten Unterlagen, Software und andere f\u00fcr Lehrgangszwecke \u00fcberlassenen Medien sind urheberrechtlich gesch\u00fctzt. Die Vervielf\u00e4ltigung, Weitergabe oder anderweitige Nutzung der ausgeh\u00e4ndigten Materialien \u2013 auch auszugsweise \u2013 ist nur nach ausdr\u00fccklicher schriftlicher Zustimmung des Veranstalters gestattet.<\/p>\n<ol start=\"7\">\n<li><strong> R\u00fccktritt\/K\u00fcndigung\/Stornokosten<\/strong><\/li>\n<\/ol>\n<p>(1) Im Falle der ordentlichen K\u00fcndigung einer offenen Schulung ist der Teilnehmer zur anteiligen Zahlung der Lehrgangsgeb\u00fchren, die bis zum Ende der jeweiligen K\u00fcndigungsfrist berechnet werden, verpflichtet. Bei einer vorzeitigen Beendigung der Ma\u00dfnahme durch den Teilnehmer werden die kompletten Schulungskosten berechnet. Die ordentliche K\u00fcndigungfrist betr\u00e4gt 4 Wochen vor Schulungsdatum und ist\u00a0 kostenfrei, bei weniger als 4\u00a0 Wochen vor Schulungsdatum werden die vollen Kosten f\u00e4llig.<\/p>\n<p>(2) Dem Teilnehmer steht der Nachweis offen, dass dem Veranstalter aus der Abmeldung kein oder nur ein geringer Schaden entstanden ist.<\/p>\n<p>(3) Das gesetzliche Recht zur au\u00dferordentlichen K\u00fcndigung aus wichtigem Grund bleibt unber\u00fchrt.<\/p>\n<p>(4) Jede K\u00fcndigung hat schriftlich, im Falle der au\u00dferordentlichen K\u00fcndigung aus wichtigem Grund unter Angabe des K\u00fcndigungs-grundes, zu erfolgen. Das Fernbleiben vom Unterricht gilt in keinem Falle als K\u00fcndigung.<\/p>\n<p>(5) Bei Inhouse-Schulung muss die schriftliche Absage sp\u00e4testens 3 Monate vor dem vereinbarten Datum ohne Kosten erfolgen. Bei Absagen k\u00fcrzer als 3 Monate vor dem vereinbarten Termin werden die vollen Kosten f\u00e4llig.<\/p>\n<p>Bei kurzfristiger Vereinbarung, z. B. 14 Tage vor gew\u00fcnschter Schulung,\u00a0 eines Schulungstermines ist die Absage des Termines grunds\u00e4tzlich mit den vollen Kosten zahlungspflichtig.<\/p>\n<ol start=\"8\">\n<li><strong> Zahlungsbedingungen\/Verg\u00fctung<\/strong><\/li>\n<\/ol>\n<p>(1) Die Teilnahmegeb\u00fchr wird mit Erhalt der Rechnung ohne jeden Abzug f\u00e4llig. Die Zahlung erfolgt unter Angabe der Rechnungsnummer und der Kundennummer auf das in der Rechnung genannte Konto des Veranstalters.<\/p>\n<p>(2) Im Falle des Verzugs sind r\u00fcckst\u00e4ndige Rechnungsbetr\u00e4ge mit 4 %-Punkten \u00fcber dem Basiszinssatz nach \u00a7 247 BGB zu verzinsen.<\/p>\n<p>(3) Der Teilnehmer kann nur mit rechtskr\u00e4ftig festgestellten oder vom Veranstalter unbestrittenen Anspr\u00fcchen aufrechnen. Zur Aus\u00fcbung eines Zur\u00fcckbehaltungsrechtes ist der Teilnehmer nur insoweit befugt, als sein Anspruch auf demselben Vertragsverh\u00e4ltnis beruht.<\/p>\n<p>(4) Im Falle des Verzugs des Vertragspartners kann der Veranstalter f\u00fcr jede Mahnung eine Bearbeitungsgeb\u00fchr von \u20ac 10,\u2013 erheben. Dem Vertragspartner bleibt bez\u00fcglich der Bearbeitungsgeb\u00fchr der Nachweis unbenommen, ein Schaden sei nicht entstanden oder wesentlich niedriger als der pauschalierte Schadensersatzanspruch des Veranstalters.<\/p>\n<ol start=\"9\">\n<li><strong> Ratenzahlung<\/strong><\/li>\n<\/ol>\n<p>Ratenzahlung kann nicht vereinbart werden.<\/p>\n<ol start=\"10\">\n<li><strong> Terminabsage durch den Veranstalter<\/strong><\/li>\n<\/ol>\n<p>Der Veranstalter beh\u00e4lt sich vor, wegen mangelnder Teilnehmerzahlen oder der Erkrankung von Lehrkr\u00e4ften sowie sonstiger St\u00f6rungen im Gesch\u00e4ftsbetrieb, die von ihm nicht zu vertreten sind, angek\u00fcndigte oder begonnene Bildungsma\u00dfnahmen abzusagen. Bereits bezahlte Teilnahmegeb\u00fchren werden in diesem Falle erstattet.<\/p>\n<ol start=\"11\">\n<li><strong> Erf\u00fcllungsort\/Gerichtsstand<\/strong><\/li>\n<\/ol>\n<p>Erf\u00fcllungsort ist der dem Teilnehmer schriftlich mitgeteilte Veranstaltungsort. Der Gerichtsstand f\u00fcr alle aus der Buchung entstehenden Rechtsstreitigkeiten gegen\u00fcber Kaufleuten und juristischen Personen des \u00f6ffentlichen Rechts bzw. \u00f6ffentlich-rechtlichen Sonderverm\u00f6gens ist K\u00f6nigswinter.<\/p>\n<ol start=\"12\">\n<li><strong> Datenschutz<\/strong><\/li>\n<\/ol>\n<p>(1) Im Hinblick auf die Bestimmungen des Bundesdatenschutzgesetzes weisen wir Sie darauf hin, dass die Speicherung und Nutzung Ihrer personenbezogenen Daten zur Vertragserf\u00fcllung erfolgt.<\/p>\n<p>(2) Ihre gesch\u00e4ftlichen Kontaktdaten werden vom Veranstalter f\u00fcr Marketingzwecke in der Weise genutzt, Ihnen Prospekte, Programme und Seminarinformationen des Veranstalters per Post zu \u00fcbersenden.<\/p>\n<p>(3) Sie k\u00f6nnen der Nutzung, Verarbeitung bzw. \u00dcbermittlung Ihrer Daten zu Marketingzwecken jederzeit durch Mitteilung an den Bereich Datenschutz des Veranstalters widersprechen bzw. Ihre Einwilligung widerrufen. Nach Erhalt Ihres Widerspruchs bzw. Widerrufs wird der Veranstalter die hiervon betroffenen Daten nicht mehr zu Marketingzwecken nutzen und verarbeiten bzw. die weitere Zusendung von Werbemitteln unverz\u00fcglich einstellen.<\/p>\n<p>Verbrauchern steht das nachfolgende Widerrufsrecht zu:<\/p>\n<p>Widerrufsrecht. Sie haben das Recht, binnen vierzehn Tagen ohne Angabe von Gr\u00fcnden diesen Vertrag zu widerrufen. Die Widerrufsfrist betr\u00e4gt vierzehn Tage ab dem Tag des Vertragsabschlusses. Um Ihr Widerrufsrecht auszu\u00fcben, m\u00fcssen Sie uns, der GLA Gefahrgutberatung GmbH, Reutherstr. 3, 53773 Hennef, <a href=\"mailto:info@gla.mbm-msp.de\">info@gla.mbm-msp.de<\/a>, Fax 02244-902731, mittels einer eindeutigen Erkl\u00e4rung (z.B. ein mit der Post versandter Brief, Telefax oder E-Mail) \u00fcber Ihren Entschluss, diesen Vertrag zu widerrufen, informieren. Sie k\u00f6nnen ein Muster-Widerrufsformular verwenden, das jedoch nicht vorgeschrieben ist. Zur Wahrung der Widerrufsfrist reicht es aus, dass Sie die Mitteilung \u00fcber die Aus\u00fcbung des Widerrufsrechts vor Ablauf der Widerrufsfrist absenden.<\/p>\n<p>Folgen des Widerrufs. Wenn Sie diesen Vertrag widerrufen, haben wir Ihnen alle Zahlungen, die wir von Ihnen erhalten haben, unverz\u00fcglich und sp\u00e4testens binnen vierzehn Tagen ab dem Tag zur\u00fcckzuzahlen, an dem die Mitteilung \u00fcber Ihren Widerruf dieses Vertrags bei uns eingegangen ist. F\u00fcr diese R\u00fcckzahlung verwenden wir dasselbe Zahlungsmittel, das Sie bei der urspr\u00fcnglichen Transaktion eingesetzt haben, es sei denn, mit Ihnen wurde ausdr\u00fccklich etwas anderes vereinbart; in keinem Fall werden Ihnen wegen dieser R\u00fcckzahlung Entgelte berechnet.<\/p>\n<p>Haben Sie verlangt, dass die Dienstleistung w\u00e4hrend der Widerrufsfrist beginnen soll, so haben Sie uns einen angemessenen Betrag zu zahlen, der dem Anteil der bis zu dem Zeitpunkt, zu dem Sie uns von der Aus\u00fcbung des Widerrufsrechts hinsichtlich dieses Vertrags unterrichten, bereits erbrachten Dienstleistungen im Vergleich zum Gesamtumfang der im Vertrag vorgesehenen Dienstleistungen entspricht.<\/p>\n<p><strong>Ausschluss des Widerrufsrechts<\/strong><\/p>\n<p>Das Widerrufsrecht erlischt bei einem Vertrag \u00fcber die Lieferung von digitalen Inhalten, sofern wir mit Ihrer ausdr\u00fccklicher Zustimmung mit der Erf\u00fcllung des Vertrages beginnen und Sie uns Ihre Kenntnis davon best\u00e4tigt haben, dass Sie durch Ihre Zustimmung zu dem Beginn der Ausf\u00fchrung des Vertrags Ihr Widerrufsrecht in Bezug auf die digitalen Inhalte verlieren.<\/p>\n<p><strong>Muster-Widerrufsformular:<\/strong><\/p>\n<p>Wenn Sie den Vertrag widerrufen wollen, dann f\u00fcllen Sie bitte dieses Formular aus und senden Sie es zur\u00fcck:<\/p>\n<p>__ An GLA Gefahrgutberatung GmbH, Reutherstr. 3, 53773 Hennef, Fax 02244-902731, info@gla.mbm-msp.de<\/p>\n<p>__ Hiermit widerrufe(n) ich\/wir (*) den von mir\/uns (*) abgeschlossenen Vertrag \u00fcber die Erbringung der folgenden Dienstleistung (*)<\/p>\n<p>__ Bestellt am (*)\/erhalten am (*)<\/p>\n<p>__ Name des\/der Verbraucher(s)<\/p>\n<p>__ Anschrift des\/der Verbraucher(s)<\/p>\n<p>__ Unterschrift des\/der Verbraucher(s) (nur bei Mitteilung auf Papier)<\/p>\n<p>__ Datum<\/p>\n<p>(*) Unzutreffendes streichen.<\/p>\n<p>Ende der Widerrufsbelehrung.<\/p>\n<p>&nbsp;<\/p>\n<p>GLA Gefahrgutberatung GmbH, K\u00f6nigswinter<\/p>\n<p>Stand: 01.11.2019<\/p>\n<p>&nbsp;<\/p>\n<p><span style=\"color: #ff0000;\"><strong><em>Datenschutzerkl\u00e4rung<\/em><\/strong><\/span><\/p>\n<p><span style=\"color: #ff0000;\"><strong><em>Die GLA Gefahrgutberatung GmbH freut sich sehr \u00fcber Ihren Besuch auf der Webseite und Ihr Interesse an den Produkten und Dienstleistungen. Datenschutz und Datensicherheit f\u00fcr unsere Kunden und Nutzer haben im Konzern seit jeher eine hohe Bedeutung. Der Schutz Ihrer personenbezogenen Daten ist daher sehr wichtig und f\u00fcr uns ein besonderes Anliegen.<\/em><\/strong><\/span><\/p>\n<p><strong>Datenschutzerkl\u00e4rung<\/strong><\/p>\n<p>&nbsp;<\/p>\n<p><strong>Allgemeine Hinweise und Pflichtinformationen<\/strong><\/p>\n<p>Die Datenschutzerkl\u00e4rung gibt Ihnen einen \u00dcberblick dar\u00fcber, welche Daten die GLA Gefahrgutberatung GmbH erfasst und was mit Ihren personenbezogene Daten passiert, wenn Sie deren Webseite besuchen. Wir behandeln Ihre personenbezogenen Daten vertraulich und entsprechend der gesetzlichen Datenschutzvorschriften sowie nach dieser Datenschutzerkl\u00e4rung. Beim Besuch unserer Website kann Ihr Surf-Verhalten statistisch ausgewertet werden. Das geschieht vor allem mit Cookies und mit Analyse-Tools und Tools von Drittanbietern, die allerdings bei der GLA GmbH nicht zur Anwendung kommen. Detaillierte Informationen dazu finden Sie in den folgenden Hinweisen unserer Datenschutzerkl\u00e4rung.<\/p>\n<ol>\n<li><strong>Information \u00fcber die Erhebung personenbezogener Daten<\/strong><\/li>\n<\/ol>\n<p>Im Folgenden informieren wir \u00fcber die Erhebung und weitere Verarbeitung personenbezogener Daten bei Nutzung unserer Website. Personenbezogene Daten sind alle Daten, die auf Sie pers\u00f6nlich beziehbar sind oder mit denen Sie pers\u00f6nlich identifiziert werden k\u00f6nnen, z. B. Name, Adresse, E-Mail-Adressen.<\/p>\n<p>Der Verantwortliche gem. Art. 4 Abs. 7 EU-Datenschutz-Grundverordnung (DS-GVO) ist<\/p>\n<p><strong>GLA Gefahrgutberatung GmbH<\/strong><br \/>\nReutherstr. 3<br \/>\n53773 Hennef<br \/>\nTel. +49 (0) 2244 \/ 901 996<br \/>\nFax +49 (0) 2244 \/ 902 731<\/p>\n<p>Falls wir f\u00fcr einzelne Funktionen unseres Angebots auf beauftragte Dienstleister zur\u00fcckgreifen oder Ihre Daten f\u00fcr werbliche Zwecke nutzen m\u00f6chten, werden wir Sie untenstehend im Detail \u00fcber die jeweiligen Vorg\u00e4nge informieren. Dabei nennen wir auch die festgelegten Kriterien der Speicherdauer.<\/p>\n<p>Sofern Ihre Anfrage eine \u00dcbermittlung personenbezogener Daten an bestimmte Empf\u00e4nger erforderlich macht, werden die Daten auch an Dritte weitergegeben. Dies erfolgt stets im Rahmen der gesetzlichen Bestimmungen.<\/p>\n<ol start=\"2\">\n<li><strong>Ihre Rechte<\/strong><\/li>\n<\/ol>\n<p>Sie haben gegen\u00fcber uns folgende Rechte hinsichtlich der Sie betreffenden personenbezogenen Daten:<\/p>\n<ul>\n<li>Recht auf Auskunft<\/li>\n<li>Recht auf Berichtigung oder L\u00f6schung<\/li>\n<li>Recht auf Einschr\u00e4nkung der Verarbeitung<\/li>\n<li>Recht auf Widerspruch gegen die Verarbeitung<\/li>\n<li>Recht auf Daten\u00fcbertragbarkeit<\/li>\n<\/ul>\n<p>Sie haben zudem das Recht, sich bei einer Datenschutz-Aufsichtsbeh\u00f6rde \u00fcber die Verarbeitung Ihrer personenbezogenen Daten durch uns zu beschweren.<\/p>\n<ol start=\"3\">\n<li><strong>Erhebung personenbezogener Daten bei Besuch unserer Website<\/strong><\/li>\n<\/ol>\n<p>Bei der blo\u00df informatorischen Nutzung der Website, also, wenn Sie sich nicht registrieren oder uns anderweitig Informationen \u00fcbermitteln, erheben wir bereits die folgenden personenbezogenen Daten, die Ihr Browser an unseren Server \u00fcbermittelt.<\/p>\n<ul>\n<li>IP-Adresse<\/li>\n<li>Datum und Uhrzeit der Anfrage<\/li>\n<li>Zeitzonendifferenz zur Greenwich Mean Time (GMT)<\/li>\n<li>Inhalt der Anforderung (konkrete Seite)<\/li>\n<li>Zugriffsstatus\/HTTP-Statuscode<\/li>\n<li>jeweils \u00fcbertragene Datenmenge<\/li>\n<li>Website, von der die Anforderung kommt<\/li>\n<li>Browser<\/li>\n<li>Betriebssystem und dessen Oberfl\u00e4che<\/li>\n<li>Sprache und Version der Browsersoftware<\/li>\n<\/ul>\n<p>Grundlage f\u00fcr die Datenverarbeitung ist Art. 6 Abs. 1 lit. f DS-GVO, der die Verarbeitung von technisch erforderlichen Daten, die einen stabilen und sicheren Betrieb der Webseite gew\u00e4hrleisten, gestattet.<\/p>\n<p>Zus\u00e4tzlich zu den zuvor genannten Daten werden bei Ihrer Nutzung unserer Website Cookies auf Ihrem Rechner gespeichert. Bei Cookies handelt es sich um kleine Textdateien, die auf Ihrer Festplatte dem von Ihnen verwendeten Browser zugeordnet gespeichert werden und durch welche der Stelle, die das Cookie setzt (hier durch uns), bestimmte Informationen zuflie\u00dfen. Cookies k\u00f6nnen keine Programme ausf\u00fchren oder Viren auf Ihren Computer \u00fcbertragen. Sie dienen dazu, das Internetangebot insgesamt nutzerfreundlicher und effektiver zu machen.<\/p>\n<p>Einsatz von Cookies:<\/p>\n<p>Diese Website nutzt folgende Arten von Cookies, deren Umfang und Funktionsweise im Folgenden erl\u00e4utert werden:<\/p>\n<ul>\n<li>Transiente bzw. Persistente Cookies<\/li>\n<\/ul>\n<ul>\n<li>Transiente Cookies werden automatisiert gel\u00f6scht, wenn Sie den Browser schlie\u00dfen. Dazu z\u00e4hlen insbesondere die Session-Cookies. Diese speichern eine sogenannte Session-ID, mit welcher sich verschiedene Anfragen Ihres Browsers der gemeinsamen Sitzung zuordnen lassen. Dadurch kann Ihr Rechner wiedererkannt werden, wenn Sie auf unsere Website zur\u00fcckkehren. Die Session-Cookies werden gel\u00f6scht, wenn Sie sich ausloggen oder den Browser schlie\u00dfen.<\/li>\n<li>Persistent Cookies werden automatisiert nach einer vorgegebenen Dauer gel\u00f6scht, die sich je nach Cookie unterscheiden kann. Sie k\u00f6nnen die Cookies in den Sicherheitseinstellungen Ihres Browsers jederzeit l\u00f6schen.<\/li>\n<li>Sie k\u00f6nnen Ihre Browser-Einstellung entsprechend Ihren W\u00fcnschen konfigurieren und z.B. die Annahme von Third-Party-Cookies oder allen Cookies ablehnen. Wir weisen Sie darauf hin, dass Sie eventuell nicht alle Funktionen dieser Website nutzen k\u00f6nnen.<\/li>\n<\/ul>\n<p>Grundlage f\u00fcr die Datenverarbeitung ist auch hier Art. 6 Abs. 1 lit. f DS-GVO (z.B. zum fehlerfreien Betrieb der Webseite). Soweit andere Cookies (z.B. Cookies zur Analyse Ihres Surfverhaltens) gespeichert werden, werden diese Cookies in unserer Datenschutzerkl\u00e4rung gesondert behandelt.<\/p>\n<ol start=\"4\">\n<li><strong>Weitere Funktionen und Angebote unserer Website<\/strong><\/li>\n<\/ol>\n<p>Neben der rein informatorischen Nutzung unserer Website bieten wir verschiedene Leistungen an, die Sie bei Interesse nutzen k\u00f6nnen. Dazu m\u00fcssen Sie in der Regel weitere personenbezogene Daten angeben, die wir zur Erbringung der jeweiligen Leistung nutzen und f\u00fcr die die zuvor genannten Grunds\u00e4tze zur Datenverarbeitung gelten.<\/p>\n<p>Teilweise bedienen wir uns zur Verarbeitung Ihrer Daten externer Dienstleister. Diese wurden von uns sorgf\u00e4ltig ausgew\u00e4hlt und beauftragt, sind an unsere Weisungen gebunden und werden regelm\u00e4\u00dfig kontrolliert.<\/p>\n<p>Weiterhin k\u00f6nnen wir Ihre personenbezogenen Daten an Dritte weitergeben, wenn Aktionsteilnahmen, Gewinnspiele, Vertragsabschl\u00fcsse oder \u00e4hnliche Leistungen von uns gemeinsam mit Partnern angeboten werden. N\u00e4here Informationen hierzu erhalten Sie bei Angabe Ihrer personenbezogenen Daten oder untenstehend in der Beschreibung des Angebotes.<\/p>\n<p>Soweit unsere Dienstleister oder Partner ihren Sitz in einem Staat au\u00dferhalb des Europ\u00e4ischen Wirtschaftsraumen (EWR) haben, informieren wir Sie \u00fcber die Folgen dieses Umstands in der Beschreibung des Angebotes.<\/p>\n<ol start=\"5\">\n<li><strong>Widerspruch oder Widerruf gegen die Verarbeitung Ihrer Daten<\/strong><\/li>\n<\/ol>\n<p>Falls Sie eine Einwilligung zur Verarbeitung Ihrer Daten erteilt haben, k\u00f6nnen Sie diese jederzeit widerrufen. Ein solcher Widerruf beeinflusst die Zul\u00e4ssigkeit der Verarbeitung Ihrer personenbezogenen Daten, nachdem Sie ihn gegen\u00fcber uns ausgesprochen haben.<\/p>\n<p>Soweit wir die Verarbeitung Ihrer personenbezogenen Daten auf die Interessenabw\u00e4gung st\u00fctzen, k\u00f6nnen Sie Widerspruch gegen die Verarbeitung einlegen. Dies ist der Fall, wenn die Verarbeitung insbesondere nicht zur Erf\u00fcllung eines Vertrags mit Ihnen erforderlich ist, was von uns jeweils bei der nachfolgenden Beschreibung der Funktionen dargestellt wird. Bei Aus\u00fcbung eines solchen Widerspruchs bitten wir um Darlegung der Gr\u00fcnde, weshalb wir Ihre personenbezogenen Daten nicht wie von uns durchgef\u00fchrt verarbeiten sollten. Im Falle Ihres begr\u00fcndeten Widerspruchs pr\u00fcfen wir die Sachlage und werden entweder die Datenverarbeitung einstellen bzw. anpassen oder Ihnen unsere zwingenden schutzw\u00fcrdigen Gr\u00fcnde aufzeigen, aufgrund derer wir die Verarbeitung fortf\u00fchren.<\/p>\n<p>Selbstverst\u00e4ndlich k\u00f6nnen Sie der Verarbeitung Ihrer personenbezogenen Daten f\u00fcr Zwecke der Werbung und Datenanalyse jederzeit widersprechen. \u00dcber Ihren Werbewiderspruch k\u00f6nnen Sie uns unter folgenden Kontaktdaten informieren: \u00dcber E-Mail an\u00a0<strong>info@gla.mbm-msp.de<\/strong>\u00a0oder per Post an GLA Gefahrgutberatung GmbH, Reutherstr. 3, 53773 Hennef.<\/p>\n","protected":false},"excerpt":{"rendered":"<p>Impressum G L A Gefahrgutberatung GmbH \u00a0 \u00a0 \u00a0 \u00a0 \u00a0 \u00a0 \u00a0 \u00a0 \u00a0 \u00a0 \u00a0 \u00a0 \u00a0 \u00a0 \u00a0 \u00a0 \u00a0 \u00a0 \u00a0\u00a0 Reutherstr. 3 53773 Hennef Vertretungsberechtigte Gesch\u00e4ftsf\u00fchrerin: Angelika Bohl Tel. 02244 &#8211; 901 996 Fax 02244 &#8211; 902 731 Internet: www.gla.mbm-msp.de E-Mail: angelika.bohl@gla.mbm-msp.de Registergericht: Amtsgericht Siegburg Registernummer: HRB 13095 Umsatzsteuer-Identifikationsnummer gem. &hellip; <a href=\"https:\/\/gla.mbm-msp.de\/?page_id=14\" class=\"more-link\"><span class=\"screen-reader-text\">Impressum AGB Datenschutz<\/span> weiterlesen <span class=\"meta-nav\">&rarr;<\/span><\/a><\/p>\n","protected":false},"author":1,"featured_media":0,"parent":0,"menu_order":0,"comment_status":"closed","ping_status":"closed","template":"","meta":{"footnotes":""},"class_list":["post-14","page","type-page","status-publish","hentry"],"_links":{"self":[{"href":"https:\/\/gla.mbm-msp.de\/index.php?rest_route=\/wp\/v2\/pages\/14"}],"collection":[{"href":"https:\/\/gla.mbm-msp.de\/index.php?rest_route=\/wp\/v2\/pages"}],"about":[{"href":"https:\/\/gla.mbm-msp.de\/index.php?rest_route=\/wp\/v2\/types\/page"}],"author":[{"embeddable":true,"href":"https:\/\/gla.mbm-msp.de\/index.php?rest_route=\/wp\/v2\/users\/1"}],"replies":[{"embeddable":true,"href":"https:\/\/gla.mbm-msp.de\/index.php?rest_route=%2Fwp%2Fv2%2Fcomments&post=14"}],"version-history":[{"count":13,"href":"https:\/\/gla.mbm-msp.de\/index.php?rest_route=\/wp\/v2\/pages\/14\/revisions"}],"predecessor-version":[{"id":215,"href":"https:\/\/gla.mbm-msp.de\/index.php?rest_route=\/wp\/v2\/pages\/14\/revisions\/215"}],"wp:attachment":[{"href":"https:\/\/gla.mbm-msp.de\/index.php?rest_route=%2Fwp%2Fv2%2Fmedia&parent=14"}],"curies":[{"name":"wp","href":"https:\/\/api.w.org\/{rel}","templated":true}]}}